f 1934?
1
What is the units digit of 8299?
9
What is the thousands digit of 4668?
4
What is the hundreds digit of 180534?
5
What is the tens digit of 59444?
4
What is the hundreds digit of 82627?
6
What is the thousands digit of 1065?
1
What is the hundreds digit of 8767?
7
What is the hundred thousands digit of 163616?
1
What is the hundreds digit of 713?
7
What is the ten thousands digit of 53704?
5
What is the units digit of 10552?
2
What is the ten thousands digit of 25026?
2
What is the tens digit of 13110?
1
What is the thousands digit of 11720?
1
What is the thousands digit of 7654?
7
What is the tens digit of 4304?
0
What is the hundreds digit of 17058?
0
What is the hundreds digit of 34848?
8
What is the hundreds digit of 2714?
7
What is the units digit of 12630?
0
What is the thousands digit of 18817?
8
What is the thousands digit of 32217?
2
What is the hundreds digit of 72961?
9
What is the thousands digit of 1990?
1
What is the hundreds digit of 11887?
8
What is the hundreds digit of 4256?
2
What is the tens digit of 63019?
1
What is the tens digit of 98607?
0
What is the ten thousands digit of 38561?
3
What is the ten thousands digit of 59876?
5
What is the tens digit of 15354?
5
What is the hundreds digit of 83122?
1
What is the hundreds digit of 52675?
6
What is the hundreds digit of 1609?
6
What is the ten thousands digit of 49614?
4
What is the thousands digit of 5773?
5
What is the tens digit of 812?
1
What is the tens digit of 442?
4
What is the thousands digit of 3997?
3
What is the ten thousands digit of 33066?
3
What is the units digit of 5704?
4
What is the tens digit of 7499?
9
What is the tens digit of 774?
7
What is the tens digit of 78?
7
What is the thousands digit of 21770?
1
What is the hundreds digit of 118?
1
What is the hundreds digit of 2414?
4
What is the thousands digit of 2119?
2
What is the thousands digit of 3327?
3
What is the units digit of 2403?
3
What is the units digit of 3392?
2
What is the thousands digit of 86966?
6
What is the tens digit of 30?
3
What is the thousands digit of 3384?
3
What is the units digit of 11064?
4
What is the tens digit of 26471?
7
What is the tens digit of 36145?
4
What is the tens digit of 10053?
5
What is the tens digit of 508?
0
What is the hundreds digit of 144194?
1
What is the tens digit of 1378?
7
What is the tens digit of 205?
0
What is the ten thousands digit of 24512?
2
What is the ten thousands digit of 68015?
6
What is the thousands digit of 4836?
4
What is the thousands digit of 16016?
6
What is the thousands digit of 1024?
1
What is the thousands digit of 4302?
4
What is the hundreds digit of 5058?
0
What is the hundreds digit of 4847?
8
What is the hundreds digit of 945?
9
What is the hundreds digit of 49445?
4
What is the units digit of 1813?
3
What is the ten thousands digit of 35389?
3
What is the ten thousands digit of 97558?
9
What is the hundreds digit of 712?
7
What is the units digit of 7415?
5
What is the ten thousands digit of 11141?
1
What is the units digit of 4565?
5
What is the hundreds digit of 6934?
9
What is the tens digit of 6083?
8
What is the ten thousands digit of 80760?
8
What is the ten thousands digit of 122587?
2
What is the thousands digit of 38391?
8
What is the hundreds digit of 676?
6
What is the tens digit of 72575?
7
What is the units digit of 2893?
3
What is the thousands digit of 25180?
5
What is the hundreds digit of 37121?
1
What is the units digit of 107828?
8
What is the hundreds digit of 89486?
4
What is the thousands digit of 17211?
7
What is the tens digit of 3447?
4
What is the tens digit of 41009?
0
What is the thousands digit of 74002?
4
What is the tens digit of 1223?
2
What is the hundreds digit of 5417?
4
What is the units digit of 529?
9
What is the tens digit of 29737?
3
What is the tens digit of 32664?
6
What is the hundreds digit of 2512?
5
What is the units digit of 13247?
7
What is the thousands digit of 7307?
7
What is the tens digit of 3533?
3
What is the hundreds digit of 1850?
8
What is the hundreds digit of 1043?
0
What is the hundreds digit of 8792?
7
What is the hundreds digit of 4600?
6
What is the units digit of 40804?
4
What is the units digit of 5476?
6
What is the units digit of 575?
5
What is the units digit of 6546?
6
What is the tens digit of 415?
1
What is the tens digit of 1565?
6
What is the units digit of 111183?
3
What is the units digit of 8784?
4
What is the ten thousands digit of 124391?
2
What is the tens digit of 34143?
4
What is the thousands digit of 6389?
6
What is the hundred thousands digit of 130017?
1
What is the tens digit of 777?
7
What is the units digit of 485?
5
What is the tens digit of 4517?
1
What is the units digit of 507?
7
What is the hundreds digit of 13907?
9
What is the tens digit of 14609?
0
What is the tens digit of 25462?
6
What is the units digit of 20450?
0
What is the tens digit of 4778?
7
What is the tens digit of 800?
0
What is the tens digit of 124578?
7
What is the units digit of 1543?
3
What is the tens digit of 10630?
3
What is the units digit of 17035?
5
What is the thousands digit of 33014?
3
What is the units digit of 56?
6
What is the tens digit of 23371?
7
What is the tens digit of 453?
5
What is the thousands digit of 1083?
1
What is the ten thousands digit of 41601?
4
What is the thousands digit of 65614?
5
What is the units digit of 3032?
2
What is the hundreds digit of 1620?
6
What is the thousands digit of 35171?
5
What is the thousands digit of 3584?
3
What is the thousands digit of 15759?
5
What is the hundreds digit of 4529?
5
What is the units digit of 59775?
5
What is the hundreds digit of 2792?
7
What is the hundreds digit of 11661?
6
What is the thousands digit of 54899?
4
What is the thousands digit of 6030?
6
What is the thousands digit of 21378?
1
What is the tens digit of 22799?
9
What is the units digit of 64585?
5
What is the thousands digit of 2446?
2
What is the units digit of 6611?
1
What is the hundreds digit of 1887?
8
What is the tens digit of 57348?
4
What is the thousands digit of 52592?
2
What is the tens digit of 25585?
8
What is the units digit of 23940?
0
What is the hundreds digit of 387?
3
What is the units digit of 1447?
7
What is the units digit of 14236?
6
What is the hundreds digit of 473?
4
What is the hundreds digit of 730?
7
What is the tens digit of 25872?
7
What is the thousands digit of 23574?
3
What is the ten thousands digit of 98093?
9
What is the units digit of 1554?
4
What is the tens digit of 178?
7
What is the units digit of 36987?
7
What is the ten thousands digit of 93849?
9
What is the thousands digit of 6370?
6
What is the units digit of 124?
4
What is the units digit of 11053?
3
What is the units digit of 114278?
8
What is the units digit of 14941?
1
What is the hundreds digit of 519?
5
What is the tens digit of 296?
9
What is the units digit of 3137?
7
What is the thousands digit of 3644?
3
What is the units digit of 441?
1
What is the ten thousands digit of 114419?
1
What is the thousands digit of 23082?
3
What is the thousands digit of 1026?
1
What is the tens digit of 719?
1
What is the units digit of 444?
4
What is the thousands digit of 7571?
7
What is the units digit of 10024?
4
What is the tens digit of 3100?
0
What is the tens digit of 6797?
9
What is the units digit of 58300?
0
What is the tens digit of 36081?
8
What is the hundreds digit of 15178?
1
What is the units digit of 184?
4
What is the thousands digit of 1101?
1
What is the units digit of 1348?
8
What is the tens digit of 606?
0
What is the units digit of 4978?
8
What is the tens digit of 440?
4
What is the ten thousands digit of 21424?
2
What is the hundreds digit of 10823?
8
What is the hundreds digit of 83608?
6
What is the units digit of 1975?
5
What is the hundreds digit of 9040?
0
What is the units digit of 9?
9
What is the thousands digit of 1367?
1
What is the tens digit of 94?
9
What is the hundreds digit of 1456?
4
What is the units digit of 198?
8
What is the hundreds digit of 522?
5
What is the ten thousands digit of 10595?
1
What is the hundreds digit of 2627?
6
What is the thousands digit of 17711?
7
What is the hundreds digit of 60347?
3
What is the thousands digit of 65850?
5
What is the tens digit of